4 a prime number?
False
Is 53883634957 a composite number?
True
Is 5886050287 composite?
True
Is 726286861 a composite number?
True
Is 1019690897 a prime number?
False
Is 4127715581 composite?
True
Is 14264979671 a composite number?
False
Is 3023738818 a prime number?
False
Is 653775637 a composite number?
True
Is 428287973 a composite number?
True
Is 1853986081 a composite number?
False
Is 6297634561 a prime number?
True
Is 32753678583 a composite number?
True
Is 1917553021 prime?
True
Is 400807931 a prime number?
True
Is 8319627669 a composite number?
True
Is 590785369 prime?
True
Is 10891450229 a prime number?
False
Is 22164683003 composite?
False
Is 24483879023 prime?
False
Is 213361149487 prime?
False
Is 97042677 a prime number?
False
Is 227867954 a composite number?
True
Is 1931322347 a prime number?
True
Is 320134729 prime?
True
Is 3651140117 composite?
False
Is 2362153399 composite?
True
Is 873042649 prime?
True
Is 22577652079 a prime number?
True
Is 27881598883 prime?
True
Is 33681961 a prime number?
False
Is 9199760189 a composite number?
False
Is 68090985409 composite?
True
Is 556206769 composite?
True
Is 2696095757 composite?
False
Is 5269862911 composite?
True
Is 227593753 composite?
False
Is 133462283 composite?
True
Is 676740829 prime?
False
Is 1900214683 prime?
False
Is 88094399 a prime number?
False
Is 20163397 a prime number?
True
Is 719347691 composite?
True
Is 139959800749 a prime number?
False
Is 2355354877 prime?
False
Is 13225468051 composite?
True
Is 219912933 composite?
True
Is 25638293 a composite number?
False
Is 86267730841 a prime number?
False
Is 10731738077 prime?
True
Is 429429907 a composite number?
True
Is 1432181651 prime?
True
Is 2463345239 prime?
False
Is 1212482357 prime?
False
Is 72379793 a prime number?
False
Is 601703038 composite?
True
Is 27318590723 prime?
False
Is 143448646241 a prime number?
False
Is 9901410329 a prime number?
False
Is 4475633953 a prime number?
False
Is 2027393882 a composite number?
True
Is 146948899 prime?
True
Is 39707098019 a composite number?
True
Is 11941352173 composite?
True
Is 717225143 a prime number?
True
Is 19801333009 composite?
True
Is 47791553809 a prime number?
True
Is 65561931935 a composite number?
True
Is 1098112513 a composite number?
True
Is 68987189 composite?
True
Is 1831675109 a composite number?
True
Is 544059286 prime?
False
Is 7976650441 prime?
True
Is 734178619 prime?
True
Is 60022189 prime?
False
Is 1564962519 composite?
True
Is 1606339583 prime?
True
Is 653131607 a prime number?
False
Is 3153089353 prime?
True
Is 9478059923 a prime number?
True
Is 1947532879 a prime number?
False
Is 106737311 prime?
False
Is 993275291 a prime number?
False
Is 505882303 a composite number?
False
Is 1986257563 prime?
False
Is 234404915 a composite number?
True
Is 245120338131 a composite number?
True
Is 916280353 a composite number?
False
Is 26026801 a composite number?
False
Is 10416973423 a prime number?
True
Is 10455378665 a composite number?
True
Is 1799564051 prime?
False
Is 15334108861 prime?
True
Is 352584863 composite?
False
Is 280744661 a composite number?
False
Is 897120613 a composite number?
True
Is 43559526263 a prime number?
False
Is 1814715113 composite?
True
Is 1248942551 prime?
False
Is 5859061981 prime?
False
Is 5472853301 a prime number?
True
Is 447271603 prime?
True
Is 860632033 a composite number?
False
Is 594925327 a composite number?
False
Is 117926399813 composite?
False
Is 1979480957 a composite number?
False
Is 420596047 a prime number?
False
Is 54671239307 a prime number?
False
Is 11517745013 a prime number?
True
Is 28552123 a composite number?
True
Is 12313846877 a composite number?
True
Is 23977539709 composite?
True
Is 144060269 a composite number?
False
Is 315350209 a prime number?
True
Is 399667937 prime?
False
Is 740334299 prime?
False
Is 270777301 a composite number?
True
Is 22952395139 a composite number?
True
Is 1084617691 composite?
True
Is 1968570311 a composite number?
True
Is 30864593989 prime?
False
Is 1487393507 prime?
False
Is 11866999 a prime number?
False
Is 91299985709 composite?
False
Is 14255190347 a composite number?
False
Is 1612726813 prime?
False
Is 4429764565 a composite number?
True
Is 138458535071 prime?
True
Is 1204452619 composite?
False
Is 59362483 composite?
True
Is 3694183307 a prime number?
False
Is 1052459299 a prime number?
False
Is 188061677 a prime number?
False
Is 2579144345 composite?
True
Is 1104825947 composite?
True
Is 2415723691 a prime number?
False
Is 3280518434 a prime number?
False
Is 1442445799 a prime number?
True
Is 4739924587 prime?
False
Is 1616537029 prime?
False
Is 290653897 a composite number?
False
Is 9095427931 prime?
False
Is 6187916821 composite?
False
Is 5442130129 a composite number?
False
Is 3118385329 a composite number?
False
Is 1477665307 prime?
True
Is 7050238543 a prime number?
True
Is 640315913 composite?
False
Is 34166443 prime?
True
Is 11696887541 prime?
False
Is 44137596827 a prime number?
False
Is 23197203589 a composite number?
True
Is 9144068059 a prime number?
False
Is 10126563113 composite?
True
Is 29383345433 a prime number?
False
Is 1016035609 composite?
False
Is 98117975129 prime?
True
Is 8914899517 a prime number?
False
Is 71708790743 prime?
True
Is 136601005 prime?
False
Is 508969297 composite?
True
Is 1013245139 prime?
False
Is 29466483 composite?
True
Is 7062261611 a composite number?
False
Is 21373226743 composite?
True
Is 1588978649 a composite number?
True
Is 115231361983 prime?
False
Is 41546694803 a composite number?
True
Is 1081732649 prime?
True
Is 288824277463 prime?
False
Is 1740173763 a composite number?
True
Is 979981627 a composite number?
False
Is 195266443 a prime number?
True
Is 31593553 prime?
True
Is 108248417 a composite number?
False
Is 113209738 composite?
True
Is 315754007 prime?
True
Is 233083993 composite?
False
Is 6570665537 prime?
False
Is 1212042289 composite?
False
Is 97312076989 composite?
False
Is 744833237 a prime number?
True
Is 8687174123 composite?
False
Is 50662430243 a composite number?
True
Is 849935899 a prime number?
True
Is 3209527073 a prime number?
True
Is 122695847 a composite number?
False
Is 9200606521 a composite number?
False
Is 21855717217 prime?
False
Is 239446391 a composite number?
False
Is 11942187193 prime?
True
Is 181504691 a prime number?
True
Is 1108856923 a prime number?
True
Is 1697218589 composite?
True
Is 6983775067 a composite number?
False
Is 9826923242 composite?
True
Is 181402073 prime?
True
Is 39712106059 a composite number?
True
Is 136695529349 composite?
True
Is 8888545571 prime?
False
Is 211002859 a prime number?
True
Is 3622395923 composite?
True
Is 1221703169 composite?
True
Is 733134887 prime?
False
Is 940507097 prime?
True
Is 3143654779 a prime number?
True
Is 105218619433 composite?
False
Is 2235298613 prime?
False
Is 9520651079 prime?
True
Is 561199087 a prime number?
False
Is 19354493299 prime?
True
Is 41480815367 a prime number?
True
Is 5310691745 a composite number?
True
Is 3964780669 a composite number?
False
Is 38608378453 prime?
False
Is 624082901 a composite number?
True
Is 14283335971 a prime number?
False
Is 16815950123 composite?
True
Is 688187893 prime?
False
Is 10413989 composite?
True
Is 15757269547 prime?
False
Is 16709875437 a prime number?
False
Is 37584363833 composite?
False
Is 4985936339 composite?
False
Is 3865364887 a prime number?
True
Is 3009503449 prime?
False
Is 4056897941 a composite number?
True
Is 34403076289 prime?
False
Is 56662168109 a prime number?
False
Is 825984433 a prime number?
True
Is 1460275351 a prime number?
False
Is 164081741 composite?
False
Is 164971337 composite?
False
Is 267127771409 a prime number?
False
Is 6398657167 prime?
False
Is 7669226713 prime?
True
Is 99781419 a prime number?
False
Is 1375882161 composite?
True
Is 89544301797 a prime number?
False
Is 790158763 a prime number?
False
Is 69364893463 composite?
False
Is 18240814733 prime?
True
Is 863327057 a composite number?
True
Is 1538044717 a composite number?
True
Is 970858699 a prime number?
True
Is 483365716933 composite?
True
Is 1628147041 a composite number?
True
Is 13014859867 a composite number?
False
Is 4132468663 prime?
True
Is 1323097817 a composite number?
False
Is 69036